m**4/4 - 8*m**3 + 83*m**2/2 + 48*m + 9330. Calculate c(-27).
-6
Let a = -1550 + 1560. Let m(l) = -3*l - 21. Let b(k) = -2*k - 4*k + 2*k - 14 - 17. Let p(g) = 5*b(g) - 7*m(g). What is p(a)?
2
Let t(d) = 4*d**3 + 7*d**2 - 3*d - 9. Let y(r) = 18 - 14*r**2 + 29*r + 16*r - 39*r - 7*r**3. Let b(v) = -5*t(v) - 3*y(v). Calculate b(-7).
12
Let l be 290/(-150) - 2/5 - (-2)/6. Let j(z) = 4*z**3 - 3*z**2 - 4*z - 3. Give j(l).
-39
Let k(z) = -11*z + 24. Suppose 0 = 4*x - 7*v - 39, 5*v = -75*x + 78*x - 29. Determine k(x).
-64
Let y(c) = -14*c + 2. Suppose 3*o + 5*b - 43 = 0, -10*o + 37 = -8*o - 5*b. Suppose 86*t - 78*t = o. Determine y(t).
-26
Suppose -29*d + 32*d - 33 = k, d - 45 = 6*k. Let h(l) = -l**3 + 11*l**2 - 19*l + 18. Calculate h(d).
9
Suppose 3*i - 9 = 0, 0 = 2*t - 2*i - i + 33. Let j = 12 + t. Let a(r) be the first derivative of -r**4/4 + r**3/3 + 14*r + 4. Give a(j).
14
Let j(b) = b - 1. Let s be (-41)/(7 + -13 - -5). Suppose -21*k - s = -167. Determine j(k).
5
Let x(c) be the second derivative of c**3/6 - c**2 + c. Suppose -4 + 0 = 4*b, -4*o + 4*b - 2084 = 0. Let w = o + 520. Calculate x(w).
-4
Let m = 14 - 32. Let p(i) = 15*i**3 + 34*i**3 + 15*i**3 + 9*i**2 + 10*i**2 + 18*i + 5 - 63*i**3. Determine p(m).
5
Let i = -636 + 1060. Let x(g) = 425*g + 0 - i*g - g**2 + 0. Determine x(3).
-6
Let w = -48544 - -48548. Let k(m) be the second derivative of m**4/12 - 2*m**3/3 + 5*m**2/2 + m. Calculate k(w).
5
Suppose 0*z - z = -42. Suppose 3*v = 3*q - 120, 4*q = v - 3*v + 154. Let o = z - q. Let u(d) = -d + 7. Give u(o).
4
Let z(r) = r**3 + 14*r**2 + 42*r + 10. Let a be ((-90)/(-150))/((-4 + 10)/(-90)). Determine z(a).
37
Let s(z) = z**3 + 7*z**2 - 12*z - 16. Let i be s(-9). Let c = i + 72. Suppose -4*t - c*t = -30. Let x(r) = r**3 - 4*r**2 - 2*r - 7. What is x(t)?
8
Let g(x) = x**3 - 6*x**2 + 13*x - 15. Let s be g(4). Let j be (-722)/(-95) + 2/s. Let q(k) = 32*k**2 - 7*k + 27*k**2 - 66*k**2 + k**3 - 8. What is q(j)?
0
Let y(n) be the first derivative of -n**3/3 - 2*n**2 - 1207. Suppose 14 + 6 = -5*d. Determine y(d).
0
Let i = 23601 + -23593. Let z(f) = -4 + 11 - f - 2*f. Give z(i).
-17
Let b(h) = -2*h**2 + 44*h + 26. Let t = -8947 + 8969. What is b(t)?
26
Let b(r) = -8*r - 1. Let p(t) = t**2 - 20*t + 19. Let a be p(19). Suppose 21*x - 19*x + 40 = a. Let d be (56/x)/(-7) - 7/5. Determine b(d).
7
Let y = -67 - -65. Let o be (-15)/(-10)*-1*y. Let b(i) = 2 - 7*i + 4*i - 5. Determine b(o).
-12
Let q(m) = 4*m**3 + 11*m**2 + 2*m - 4. Let n = -139 - -134. Let h(a) = 6*a**3 + 17*a**2 + 3*a - 6. Let g(b) = n*h(b) + 8*q(b). Determine g(-2).
-8
Let h(t) be the third derivative of t**5/60 - 17*t**4/12 + 113*t**3/3 + 7820*t**2. Give h(25).
1
Let g(i) = -i**3 - 197*i**2 + 1639*i + 6. Let p be g(8). Let s(r) = -47*r - 11. Determine s(p).
83
Suppose 166 = -4*t + 2*m, -m + 161 = -0*t - 4*t. Let l = 47 + t. Let h(b) = -4*b - 26. Let q(f) = f + 5. Let c(v) = -3*h(v) - 14*q(v). Determine c(l).
-8
Let a(j) = j**3 - 12*j**2 + j - 12. Let m be a(12). Let p(f) = -f + 2. Let h be p(m). Suppose 3 - h = -t. Let n(b) = -13*b**2 + 1. Give n(t).
-12
Let u(o) be the first derivative of o**2/2 - 5*o + 1. Suppose 21*i = -i + 154. Suppose 0 = i*f + 29*f - 216. Determine u(f).
1
Let o(h) = -18 + 3 + 18 - 7 - 4*h**2. Calculate o(-1).
-8
Let z(a) = -9*a**2 + 78 + 61 - a**3 - 190 + 78 - 21*a - 15*a**2. What is z(-23)?
-19
Let a(h) = 3*h**2 + 9*h + 8. Let n(j) be the second derivative of 5*j**4/12 + 5*j**3/3 + 5*j**2 + j - 57. Let r(p) = 6*a(p) - 5*n(p). Calculate r(2).
-22
Let p(a) be the second derivative of 5*a**3/2 - 76*a**2 + 5286*a. Determine p(9).
-17
Suppose 4*b = -19*d + 20*d + 8, 2 = 3*d + b. Let n(z) = 4*z**2 - 1. Let a be n(1). Let u(w) = 19*w**a - w**2 + 0*w**2 - 20*w**3 - w + 15. Calculate u(d).
15
Let l(d) = d - 1. Let q(w) = 6*w - 2. Let x(r) = 5*l(r) - q(r). Suppose 210 = 66*c - 59*c. Suppose -4*o - y + 24 = 0, -113*y + 118*y = 5*o - c. What is x(o)?
-9
Let r(w) = 4*w - 1. Suppose -5*y - 4*y + 18 = 0. Suppose -y*f + 2*t = -2, 7*f - 4*f - 15 = -t. Suppose 12 = -2*j - f*j. What is r(j)?
-9
Suppose -4*h = -x - 21, 2*x - 2*h + 22 + 2 = 0. Let i(y) = y**2 - 9*y - 4. Let c be i(8). Let a = x - c. Let j(r) = -r**2 + 4*r - 3. Calculate j(a).
0
Let b(w) = w**2 - 2*w**2 - 20*w + 5*w - 238 + 225 - 5*w. Determine b(-19).
6
Let x(g) = 8*g - 49. Let r be x(8). Let q = r - 12. Suppose -2*z = -3*n + 7, -q*z - 4 - 8 = -5*n. Let f(s) = -2*s**2 - 3*s. Give f(n).
-27
Let v(u) = 96*u - 93 + 99*u - 294*u + 335 + 82*u. Calculate v(15).
-13
Let b = 57 + -110. Let z = -1693 - -1740. Let o = z + b. Let c(y) = -y**2 - 6*y - 5. What is c(o)?
-5
Let r(p) = 3*p**2 + 3*p + 5. Suppose -949 + 945 = 2*o. What is r(o)?
11
Suppose -4*t - 2*g + 2543 + 113 = 0, -5*g + 673 = t. Let d be (7/(-2) + 1)/(20 - 476730/23832). Let z(i) = 2*i + t*i**2 - 2*i - d*i**2 - i. Determine z(-3).
12
Let k(q) = q**3 - 28*q**2 + 3*q - 89. Let t(u) = -106*u - 820. Let a be t(-8). Determine k(a).
-5
Let a = -49 - -20. Let x = 29 + a. Suppose -14*j + 11*j = x. Let g(t) = -t + 4. What is g(j)?
4
Let f(d) = -55*d - 4. Suppose -3 = 82*c + 41 + 38. Determine f(c).
51
Let o(p) = p**3 + 6*p**2 + 3*p + 5. Let f(d) = 26*d**2 - d + 2. Let t = 31 + -30. Let x be f(t). Let j be 2/(-9) - 129/x. Calculate o(j).
15
Let g(q) = -q - 14. Let u(w) = -2*w - 14. Let d(h) = 2*h + 7. Let y(t) = 5*d(t) + 2*u(t). Let r be y(-3). Give g(r).
-3
Let z(l) = -l**2 + 4*l + 25. Suppose 24*y + 5 = 19*y, 3*s - 27 = 3*y. Give z(s).
-7
Let o(k) = k**3 + 4*k**2 - 4*k - 5. Let w(q) = q**3 + 10*q**2 - 12*q - 21. Let a be w(-5). Let x = a - 168. Determine o(x).
11
Let k(s) = -2*s**3 + 2*s**2 + s. Let p = 110 - 69. Suppose 5*l - p - 87 = y, -3*l + 80 = y. Let f = l - 28. Calculate k(f).
22
Let k(x) = -20*x + 1. Let h = 80 + -60. Suppose o = -o - h. Let i be (1/2)/(o/(-20)). Determine k(i).
-19
Let y be (-16)/(-44) - (-354)/(-66). Let i(m) = m**2 - 10. Determine i(y).
15
Let c(n) = 892*n - 663. Let d(l) = 632*l - 442. Let p(g) = 5*c(g) - 7*d(g). What is p(6)?
-5
Let j(b) = -15*b**3 - b**2 + b. Let s = -29362 + 29361. Determine j(s).
13
Suppose -f = -l, 5 = -5*l + 4*f + 7. Let t(d) = 1107*d - 1111*d - 4*d**2 + 5*d**l. Give t(5).
5
Let n(d) = 50*d**3 + 71*d**2 + 93*d + 54. Let r(j) = -9*j**3 - 14*j**2 - 18*j - 11. Let g(v) = 2*n(v) + 11*r(v). Let f be ((-4)/2)/((-4)/26). What is g(f)?
0
Let m(p) = -p + 6. Let o(g) = -g**3 + 2*g**2 + 3*g - 3. Let z be o(2). Suppose 3*h - 5*h - z*y = -24, -2*y = 3*h - 36. Let l = h + -12. What is m(l)?
6
Suppose -5*r - 15 = 5. Let l(u) = 25*u + 3. Let o(i) = -24*i - 1. Let x(n) = -l(n) - o(n). Determine x(r).
2
Let x(v) = 2*v - 20*v**2 + 18*v**2 - 3 + 0*v. Let u be x(2). Let g(n) be the third derivative of -n**5/60 - 7*n**4/24 - 1839*n**2. Determine g(u).
0
Let s(y) be the first derivative of -y - 87 + 13*y**2 - 19*y**2 + 5*y**2. Let d(b) = b**2 - 4*b - 6. Let t be d(5). What is s(t)?
1
Let y(o) be the first derivative of 27*o**3 - o**2/2 + 2417. Calculate y(1).
80
Let z(q) = -22*q**3 - 183*q**2 - 294*q - 703. Let l(a) = -5*a**3 - 46*a**2 - 71*a - 176. Let t(p) = 9*l(p) - 2*z(p). Determine t(-47).
10
Let o(y) = -y**3 + 17*y**2 + 13*y + 9. Let q(g) = 12*g**3 - 71*g**2 - 6*g + 18. Let x be q(6). Determine o(x).
-81
Let k(d) = -4 + 0*d**3 + 43*d**2 + 20*d - 15*d + 1 - 2*d**3 - 45*d**2. What is k(-3)?
18
Let b(m) = 2*m**2 - 5*m - 1. Let z = 567 - 620. Let g = -107 + 164. Let c = z + g. Determine b(c).
11
Let i(a) = -13*a - 8. Let z(b) = -b**3 - 36*b**2 + 6. Let f be z(-36). Give i(f).
-86
Let z(n) be the third derivative of n**4/12 - n**3/3 + n**2. Let r = -166 + 175. Suppose 5*g - 3*c = -2*c + r, 3*c = g + 1. Determine z(g).
2
Let x = -1 - -3. Let b(r) be the first derivative of -r + 13 - 1/2*r**4 + 2/3*r**3 - r**2. Give b(x).
-13
Let g(u) = -7*u**3 + 112*u**2 + 4*u + 116. Let p(o) = 3*o**3 - 52*o**2 - 2*o - 58. Let x(r) = 4*g(r) + 9*p(r). What is x(-20)?
-18
Let j(l) = l**3 + 4*l**2 - 6*l. Let q be -7 + -5 + 10 + 4 + 5. Suppose -r - 3*r - 22 = -k, -r - q = -k. Give j(r).
5
Let p(t) = t**3 + 10*t**2 + 5*t - 26. Let d be p(-9). Let l(h) be the first derivative of -h**4/4 + 10*h**3/3 - 9*h - 316. What is l(d)?
-9
Let l(y) be the third derivative of 5*y - 3*y**2 + 0*y**3 - 1/20*y**5 + 0 + 1/12*y**4 - 1/120*y**6. Determine l(-4).
8
Let a be ((-38 + -